3
Let f(v) = -v**2 - 15*v - 7. Let n be f(-14). Suppose 0 = -5*k - n - 13. What are the prime factors of k/(2 + 0) - -28?
2, 13
Suppose 0 = 2*p - 8 - 8. Let a = 14 - p. Let y(u) = -u**2 + 8*u - 1. What are the prime factors of y(a)?
11
Let s(g) = 13*g + 1. Let i be s(1). List the prime factors of 12/i*112/24.
2
Suppose 4*k + 17 = -39. Let h = -37 - k. List the prime factors of (2/1 - h) + -2.
23
Suppose -5*i - 2*g + 70 = -2*i, -5*i = -g - 121. Suppose i = 2*d - 0*d. Let n(y) = 4*y. What are the prime factors of n(d)?
2, 3
List the prime factors of ((-13825)/125)/(2/(-10) - 0).
7, 79
Let b = 29 - 6. Let q = b + -27. List the prime factors of 32 + (3 + 1)/q.
31
Let f(i) = 99*i**2 + 61*i - 1. What are the prime factors of f(2)?
11, 47
Let d(c) = c + 6. Let k be d(-6). Suppose -5*o - 305 = -5*p, -o + k*o + 63 = p. Let f = 91 - p. What are the prime factors of f?
29
Let j(d) = 103*d**2 + 3*d + 1. Let x be j(-1). Suppose 4*z = 75 + x. What are the prime factors of z?
2, 11
What are the prime factors of 5/(2582/430 - 6)?
5, 43
Suppose 2*y = -2*y + 60. Suppose -6*t - 774 = -y*t. List the prime factors of t.
2, 43
Let x = -773 - -1394. List the prime factors of x.
3, 23
Suppose -563 - 117 = -5*s. Suppose -5*y - 2*t + 688 = -5*t, -s = -y + t. List the prime factors of y.
2, 5, 7
Let g(s) = -s**3 - 6*s**2 + s. Let n be g(-6). Let v = n + 32. What are the prime factors of v?
2, 13
Suppose -2*m - 4*x + 54 = -154, -4*m + 412 = 12*x. What are the prime factors of m?
2, 53
Let z(f) = -2*f - 4. Let r be z(-4). Suppose n = 3*y + 2*n + 79, n = -r. List the prime factors of 1*((-3)/1 - y).
2, 11
Let o be (-12)/(-5)*50/15. Suppose -o*w - 6 = -11*w. Suppose -x + 7 = 5*d, -1 = -w*x - 4*d + 7. List the prime factors of x.
2
Suppose 0 = 2*b + 3*f - 314, 5*b + 0*b + 2*f = 807. Let n = -110 + b. List the prime factors of n.
53
Let f(j) = -2*j**3 - 3*j**2 - 3*j - 4. Let s = -24 + 20. Let i be f(s). Let m = -56 + i. What are the prime factors of m?
2
Let d(t) = 23*t - 3. Let c be d(2). Suppose c*v - 42*v = 16. What are the prime factors of v?
2
Suppose 0 = l + 2*v - 9 + 22, 0 = -3*l + 3*v - 48. Let m = -15 - l. Suppose m = 5*j - 112 - 13. List the prime factors of j.
5
Let k(m) be the first derivative of 2*m**3/3 - 9*m**2/2 - 4*m - 7. List the prime factors of k(7).
31
Suppose 4*d + 714 = 6*d. Let w = d - 252. List the prime factors of w.
3, 5, 7
Suppose p + 12 = -2*p. What are the prime factors of (-264)/p - (-3 - -2)?
67
What are the prime factors of ((-1314)/(-18))/((-3)/(-123)) + -6?
29, 103
Suppose 2*a = -9*f + 655 + 620, -4*a + f = -2493. List the prime factors of a.
2, 3, 13
Suppose -5*r = w - 1893, 7*w - 3*w = -3*r + 7487. List the prime factors of w.
2, 467
Suppose 0 = -3*o, -5*c - o + 837 = 77. List the prime factors of c.
2, 19
Suppose -3*j = 3*f - 45, 0 = f - 3*f + 6. Suppose 353 = j*l - 595. What are the prime factors of l?
79
Suppose 32*t = 40*t - 3424. List the prime factors of t.
2, 107
Suppose 5*x = 5*z + 162 + 958, -4*z - 456 = -2*x. What are the prime factors of x?
2, 5, 11
Let s(m) = -m**2 + 6*m - 4. Let k(p) = p**2 - 7*p + 4. Let n(t) = -2*k(t) - 3*s(t). List the prime factors of n(8).
2, 3
Let m(v) = -469*v + 690. List the prime factors of m(-5).
5, 607
Let t be (-4)/10 - (44/(-10) + -3). Suppose 4*p = t*p - 615. What are the prime factors of p?
5, 41
Suppose -619 = -5*j - 29. Suppose -g + 3*r = -0*r - 53, 2*g - 2*r - j = 0. What are the prime factors of g?
2, 31
Let f(v) be the first derivative of 3/2*v**2 - 3 + 12*v. What are the prime factors of f(9)?
3, 13
Let o = 726 - 429. List the prime factors of o.
3, 11
Suppose 5*z = -2*d - 12, -2*d + 4*d + 4*z = -12. List the prime factors of ((-144)/40)/(d/20).
2, 3
Suppose 6*v - 19370 = 2770. List the prime factors of v.
2, 3, 5, 41
Suppose 0*z + 5*z = -3*w + 630, -2*z + 236 = -2*w. Suppose 14*t - 11*t = z. Suppose -u + t = 2*n, 0 = -6*n + 3*n + 3*u + 39. List the prime factors of n.
2, 3
Suppose -8*b + 17 = -23. Suppose b = 3*s - 1, 3*t + 2*s = 187. List the prime factors of t.
61
Let z be 271/(-7) + (-24)/84. Let g(s) = -7*s + 1. Let f be g(-10). Let b = z + f. List the prime factors of b.
2
Let c(j) = -114*j + 37. What are the prime factors of c(-6)?
7, 103
Let w be ((-880)/56)/(((-6)/(-21))/(-2)). Let h = w + 134. List the prime factors of h.
2, 61
Let s(l) = -l**3 + 12*l**2 - 6*l - 11. Let m = 30 - 19. List the prime factors of s(m).
2, 11
Suppose 7 + 7 = 7*a. Suppose -i + a = -54. What are the prime factors of i?
2, 7
Suppose 28*k - 85155 = -21875. What are the prime factors of k?
2, 5, 113
Suppose 5*q - 273 = 2*b, -34*b - 69 = -q - 30*b. What are the prime factors of q?
53
Let q = -3108 - -4381. What are the prime factors of q?
19, 67
Suppose 10*d + 216 = 6*d. Let x = 76 + d. List the prime factors of x.
2, 11
Let g be 2/(-4)*(-1 - -1). Suppose -5*t - 2 - 8 = g. List the prime factors of t/10 + (-352)/(-10).
5, 7
Suppose -3*s + 56 + 46 = 0. Let h be ((-65)/10)/((-1)/(-2)). Let t = s + h. List the prime factors of t.
3, 7
Suppose -42*j + 12555 = 4407. List the prime factors of j.
2, 97
Suppose -5*a - 3 = -23. Suppose -2*p + 326 = 4*r - 0*r, -3*p - 351 = -4*r. Suppose -s - 3*s + r = a*u, 5*u + 93 = 4*s. List the prime factors of s.
2, 11
Let m be (-2)/(-3) - (-32)/24 - 2. Suppose x - 85 - 50 = m. What are the prime factors of x?
3, 5
Let j = -112 + 381. List the prime factors of j.
269
Suppose 2*h - 14 = -0*h. List the prime factors of h/((4/(-60))/(-1)).
3, 5, 7
Let z(w) = 32*w**2 - w + 1. Suppose -10 = 4*o - 6*o. Let c = 6 - o. What are the prime factors of z(c)?
2
Suppose 4*v + 42 = 2*o, 0 = 3*v - 5*v + 2*o - 26. List the prime factors of 5346/88*v/(-3).
2, 3
Let s = 5616 - 3337. What are the prime factors of s?
43, 53
Let q(s) = 2*s**2 + 68*s + 53. List the prime factors of q(-51).
1787
Suppose -1515 = -4*j + 5*m, -3*j + 376 = -4*m - 760. List the prime factors of j.
2, 5, 19
Suppose 4*y - 20164 = -4*k, y - 3*k = -8*k + 5025. List the prime factors of y.
5, 1009
Let q(y) = -26*y**3 + 3*y + 2. What are the prime factors of q(-4)?
2, 827
Suppose 11*x = -b + 6*x + 208, 4*b - 4*x = 928. List the prime factors of b.
2, 3, 19
Suppose -8*u + 20267 = 5363. List the prime factors of u.
3, 23
Let v = -335 + 1062. List the prime factors of v.
727
List the prime factors of (-1)/((4/(-12))/((-26380)/(-30))).
2, 1319
Let h be 68/6 - ((-48)/18 - -3). List the prime factors of 3 + (4 - h) - -78.
2, 37
Suppose -4*r + 9 - 1 = 0. Suppose -r*l - l = 9. List the prime factors of (l + 39/5)*5.
2, 3
Let r = -43 - -45. Suppose 3*y = 4*p - 193, 5*y - r = p - 29. List the prime factors of p.
2, 13
List the prime factors of (-12)/9*(10 + (-35945)/20).
2383
Let s(t) = -t**2 - 7*t + 3. Let q = -8 + 2. Let m be s(q). Let b = -7 + m. What are the prime factors of b?
2
Let z be ((-42)/(-8))/(3/(-12)). Let a = -15 - z. Suppose 0 = 2*t + 5*w - 54, 2*t - a - 32 = 3*w. List the prime factors of t.
2, 11
Let n(x) be the second derivative of 5*x**4/12 + 2*x**2 + 3*x. What are the prime factors of n(2)?
2, 3
What are the prime factors of (-121360)/(-32) - 10/4?
2, 5, 379
Let v(p) be the first derivative of p**3/3 + 7*p**2/2 + 5*p - 3. Let o(d) = -8*d - 6. Let b(z) = 3*o(z) + 4*v(z). What are the prime factors of b(-2)?
2, 5
Let d = 2 + -5. Let x = 101 + -87. Let t = x + d. List the prime factors of t.
11
Let t be (1 - 5) + 182/14. Suppose -t*w = -10*w + 3. What are the prime factors of w?
3
What are the prime factors of (-1)/((153/(-20214))/17)?
2, 1123
Let i(q) = 15*q - 100. List the prime factors of i(13).
5, 19
Let o(n) = n**3 - 3*n**2 - 5*n + 7. Let f be o(4). Suppose 0 = -j - f*j + 144. What are the prime factors of j?
2, 3
Suppose -k + 6*k = 10, 0 = 4*d + 3*k - 8010. List the prime factors of d.
3, 23, 29
Let n = 10304 - 7284. List the prime factors of n.
2, 5, 151
Suppose -65*v = -57*v - 3512. What are the prime factors of v?
439
Suppose 0 = -6*r + 9*r. Let w be r + (-1)/(-4)*0. Suppose 4*q - 54 - 70 = w. List the prime factors of q.
31
Let h(w) = w**2 - w + 26. Let o be h(0). Suppose -u = 4*d - 90, 59 = u + 5*d - o. What are the prime factors of u?
2, 5, 11
Suppose 2*c - 17 = 5*j, -2*c - 2*c - 4*j - 36 = 0. Let z be c + (1 - (-5 + 3)). What are the prime factors of (-20 + 4/4)*z?
19
Suppose 0 = j - d + 4*d + 29, 2*j + 5*